{"id":87,"date":"2023-01-27T13:17:18","date_gmt":"2023-01-27T12:17:18","guid":{"rendered":"https:\/\/www.betriebsmedizinkarlsruhe.de\/?page_id=87"},"modified":"2023-06-06T10:46:49","modified_gmt":"2023-06-06T08:46:49","slug":"impressum","status":"publish","type":"page","link":"https:\/\/www.betriebsmedizinkarlsruhe.de\/?page_id=87","title":{"rendered":"Impressum"},"content":{"rendered":"\t\t<div data-elementor-type=\"wp-page\" data-elementor-id=\"87\" class=\"elementor elementor-87\">\n\t\t\t\t\t\t\t\t\t<section class=\"elementor-section elementor-top-section elementor-element elementor-element-738e0eb elementor-section-boxed elementor-section-height-default elementor-section-height-default\" data-id=\"738e0eb\" data-element_type=\"section\">\n\t\t\t\t\t\t<div class=\"elementor-container elementor-column-gap-default\">\n\t\t\t\t\t<div class=\"elementor-column elementor-col-100 elementor-top-column elementor-element elementor-element-4b39fc6\" data-id=\"4b39fc6\" data-element_type=\"column\">\n\t\t\t<div class=\"elementor-widget-wrap elementor-element-populated\">\n\t\t\t\t\t\t\t\t<div class=\"elementor-element elementor-element-01b3d85 elementor-widget elementor-widget-spacer\" data-id=\"01b3d85\" data-element_type=\"widget\" data-widget_type=\"spacer.default\">\n\t\t\t\t<div class=\"elementor-widget-container\">\n\t\t\t<style>\/*! elementor - v3.10.1 - 17-01-2023 *\/\n.elementor-column .elementor-spacer-inner{height:var(--spacer-size)}.e-con{--container-widget-width:100%}.e-con-inner>.elementor-widget-spacer,.e-con>.elementor-widget-spacer{width:var(--container-widget-width,var(--spacer-size));--align-self:var(--container-widget-align-self,initial);--flex-shrink:0}.e-con-inner>.elementor-widget-spacer>.elementor-widget-container,.e-con-inner>.elementor-widget-spacer>.elementor-widget-container>.elementor-spacer,.e-con>.elementor-widget-spacer>.elementor-widget-container,.e-con>.elementor-widget-spacer>.elementor-widget-container>.elementor-spacer{height:100%}.e-con-inner>.elementor-widget-spacer>.elementor-widget-container>.elementor-spacer>.elementor-spacer-inner,.e-con>.elementor-widget-spacer>.elementor-widget-container>.elementor-spacer>.elementor-spacer-inner{height:var(--container-widget-height,var(--spacer-size))}<\/style>\t\t<div class=\"elementor-spacer\">\n\t\t\t<div class=\"elementor-spacer-inner\"><\/div>\n\t\t<\/div>\n\t\t\t\t<\/div>\n\t\t\t\t<\/div>\n\t\t\t\t\t<\/div>\n\t\t<\/div>\n\t\t\t\t\t\t\t<\/div>\n\t\t<\/section>\n\t\t\t\t<section class=\"elementor-section elementor-top-section elementor-element elementor-element-45f00bb elementor-section-boxed elementor-section-height-default elementor-section-height-default\" data-id=\"45f00bb\" data-element_type=\"section\">\n\t\t\t\t\t\t<div class=\"elementor-container elementor-column-gap-default\">\n\t\t\t\t\t<div class=\"elementor-column elementor-col-25 elementor-top-column elementor-element elementor-element-fa0c412\" data-id=\"fa0c412\" data-element_type=\"column\">\n\t\t\t<div class=\"elementor-widget-wrap elementor-element-populated\">\n\t\t\t\t\t\t\t\t<div class=\"elementor-element elementor-element-cf2c8cf elementor-widget elementor-widget-button\" data-id=\"cf2c8cf\" data-element_type=\"widget\" data-widget_type=\"button.default\">\n\t\t\t\t<div class=\"elementor-widget-container\">\n\t\t\t\t\t<div class=\"elementor-button-wrapper\">\n\t\t\t<a href=\"https:\/\/www.betriebsmedizinkarlsruhe.de\/\" class=\"elementor-button-link elementor-button elementor-size-xs\" role=\"button\">\n\t\t\t\t\t\t<span class=\"elementor-button-content-wrapper\">\n\t\t\t\t\t\t<span class=\"elementor-button-text\">Zur\u00fcck zur Startseite<\/span>\n\t\t<\/span>\n\t\t\t\t\t<\/a>\n\t\t<\/div>\n\t\t\t\t<\/div>\n\t\t\t\t<\/div>\n\t\t\t\t\t<\/div>\n\t\t<\/div>\n\t\t\t\t<div class=\"elementor-column elementor-col-25 elementor-top-column elementor-element elementor-element-1a50308\" data-id=\"1a50308\" data-element_type=\"column\">\n\t\t\t<div class=\"elementor-widget-wrap\">\n\t\t\t\t\t\t\t\t\t<\/div>\n\t\t<\/div>\n\t\t\t\t<div class=\"elementor-column elementor-col-25 elementor-top-column elementor-element elementor-element-eb702a4\" data-id=\"eb702a4\" data-element_type=\"column\">\n\t\t\t<div class=\"elementor-widget-wrap\">\n\t\t\t\t\t\t\t\t\t<\/div>\n\t\t<\/div>\n\t\t\t\t<div class=\"elementor-column elementor-col-25 elementor-top-column elementor-element elementor-element-837f8db\" data-id=\"837f8db\" data-element_type=\"column\">\n\t\t\t<div class=\"elementor-widget-wrap\">\n\t\t\t\t\t\t\t\t\t<\/div>\n\t\t<\/div>\n\t\t\t\t\t\t\t<\/div>\n\t\t<\/section>\n\t\t\t\t<section class=\"elementor-section elementor-top-section elementor-element elementor-element-c4c1cc0 elementor-section-boxed elementor-section-height-default elementor-section-height-default\" data-id=\"c4c1cc0\" data-element_type=\"section\">\n\t\t\t\t\t\t<div class=\"elementor-container elementor-column-gap-default\">\n\t\t\t\t\t<div class=\"elementor-column elementor-col-100 elementor-top-column elementor-element elementor-element-0809564\" data-id=\"0809564\" data-element_type=\"column\">\n\t\t\t<div class=\"elementor-widget-wrap elementor-element-populated\">\n\t\t\t\t\t\t\t\t<div class=\"elementor-element elementor-element-9576fb2 elementor-widget elementor-widget-text-editor\" data-id=\"9576fb2\" data-element_type=\"widget\" data-widget_type=\"text-editor.default\">\n\t\t\t\t<div class=\"elementor-widget-container\">\n\t\t\t<style>\/*! elementor - v3.10.1 - 17-01-2023 *\/\n.elementor-widget-text-editor.elementor-drop-cap-view-stacked .elementor-drop-cap{background-color:#818a91;color:#fff}.elementor-widget-text-editor.elementor-drop-cap-view-framed .elementor-drop-cap{color:#818a91;border:3px solid;background-color:transparent}.elementor-widget-text-editor:not(.elementor-drop-cap-view-default) .elementor-drop-cap{margin-top:8px}.elementor-widget-text-editor:not(.elementor-drop-cap-view-default) .elementor-drop-cap-letter{width:1em;height:1em}.elementor-widget-text-editor .elementor-drop-cap{float:left;text-align:center;line-height:1;font-size:50px}.elementor-widget-text-editor .elementor-drop-cap-letter{display:inline-block}<\/style>\t\t\t\t<h1 style=\"font-variant-ligatures: normal; font-variant-caps: normal; font-family: &quot;Open Sans&quot;, sans-serif; font-style: normal;\">Impressum<\/h1><p style=\"font-variant-ligatures: normal; font-variant-caps: normal; font-family: &quot;Open Sans&quot;, sans-serif; font-size: 14px; font-style: normal; font-weight: 400;\"><span style=\"font-size: 14px; font-weight: 600;\">Angaben gem\u00e4\u00df \u00a7 5 TMG:<\/span><\/p><p style=\"font-variant-ligatures: normal; font-variant-caps: normal; font-family: &quot;Open Sans&quot;, sans-serif; font-size: 14px; font-style: normal; font-weight: 400;\"><span style=\"font-size: 14px; font-weight: 600;\">Name der Gemeinschaftspraxis: MedizInKarlsruhe.de&nbsp;<span style=\"font-size: 14px;\">&nbsp;<\/span>\u2013 \u00dcber\u00f6rtliche Berufsaus\u00fcbungsgemeinschaft f\u00fcr Allgemeine und Innere Medizin<\/span><br>Inhaber: Falk Dillmann, Dr. med. Dieter Geiger, Dr. med. Hermann Goebel, Christian Hauf M.Sc.<\/p><p style=\"font-variant-ligatures: normal; font-variant-caps: normal; font-family: &quot;Open Sans&quot;, sans-serif; font-size: 14px; font-style: normal; font-weight: 400;\"><span style=\"font-size: 14px; font-weight: 600;\">Gesellschaftsform:<\/span>&nbsp;GbR<\/p><p style=\"font-variant-ligatures: normal; font-variant-caps: normal; font-family: &quot;Open Sans&quot;, sans-serif; font-size: 14px; font-style: normal; font-weight: 400;\"><span style=\"font-size: 14px; font-weight: 600;\">Hauptbetriebsst\u00e4tte: Praxis Rintheim<\/span><br>Mannheimerstr. 12, 76131 Karlsruhe<br>Tel. 0721 \/ 96 13 113<\/p><p style=\"font-variant-ligatures: normal; font-variant-caps: normal; font-family: &quot;Open Sans&quot;, sans-serif; font-size: 14px; font-style: normal; font-weight: 400;\"><span style=\"font-size: 14px; font-weight: 600;\">Nebenbetriebsst\u00e4tte: Praxis Oststadt<\/span><br>Haid-und-Neu-Str. 32, 76131 Karlsruhe<br>Tel. 0721 \/ 69 73 75<\/p><p style=\"font-variant-ligatures: normal; font-variant-caps: normal; font-family: &quot;Open Sans&quot;, sans-serif; font-size: 14px; font-style: normal; font-weight: 400;\"><span style=\"font-size: 14px; font-weight: 600;\">Nebenbetriebsst\u00e4tte: Praxis Weststadt<br><\/span>Bismarckstr. 59, 76131 Karlsruhe<br>Tel. 0721 \/ 27884<\/p><p style=\"font-variant-ligatures: normal; font-variant-caps: normal; font-family: &quot;Open Sans&quot;, sans-serif; font-size: 14px; font-style: normal; font-weight: 400;\"><span style=\"font-size: 14px; font-weight: 600;\">Nebenbetriebsst\u00e4tte: Internistisches Diagnostikzentrum Karlsruhe<br><\/span><span style=\"font-size: 16px;\">Rintheimer Str. 90, 76131 Karlsruhe<br><\/span><span style=\"font-size: 16px;\">Tel. 0721 \/ 957 953 90<\/span><\/p><p style=\"font-variant-ligatures: normal; font-variant-caps: normal; font-family: &quot;Open Sans&quot;, sans-serif; font-size: 14px; font-style: normal; font-weight: 400;\"><span style=\"font-size: 16px; font-weight: 600;\">Vertreten durch:<br><\/span>Christian Hauf, M.Sc.<br>Rintheimer Str. 90<br>76131 Karlsruhe<br><span style=\"font-size: 14px; font-weight: 600;\">Tel: 0721 \/ 480 765 0<\/span><br>Fax: 0721 \/ 480 765 99<\/p><p style=\"font-variant-ligatures: normal; font-variant-caps: normal; font-family: &quot;Open Sans&quot;, sans-serif; font-size: 14px; font-style: normal; font-weight: 400;\"><span style=\"font-size: 14px; font-weight: 600;\">Aufsichtsbeh\u00f6rde:<\/span><br>Berufsbezeichnung: Arzt<br>Verliehen durch: Deutschland<br>Zust\u00e4ndige Kammer:&nbsp;<span style=\"font-size: 14px; color: rgb(0, 0, 255);\"><a href=\"https:\/\/www.aerztekammer-bw.de\/\" style=\"font-size: 14px; color: rgb(0, 0, 255);\">\u00c4rztekammer Baden-W\u00fcrttemberg<\/a><\/span><br>Zust\u00e4ndige Kassen\u00e4rztliche Vereinigung:&nbsp;<span style=\"font-size: 14px; color: rgb(0, 0, 255);\"><a href=\"https:\/\/www.kvbawue.de\/\" style=\"font-size: 14px; color: rgb(0, 0, 255);\">KV Baden-W\u00fcrrtemberg<\/a><br><\/span>Das geltende Heilberufs- bzw. Kammergesetz des Landes finden Sie auf der Internetseite der&nbsp;<a href=\"https:\/\/www.aerztekammer-bw.de\/\" style=\"font-size: 14px;\"><span style=\"font-size: 14px; color: rgb(0, 0, 255);\">Landes\u00e4rztekammer Baden-W\u00fcrttemberg<\/span><\/a><\/p><p style=\"font-variant-ligatures: normal; font-variant-caps: normal; font-family: &quot;Open Sans&quot;, sans-serif; font-size: 14px; font-style: normal; font-weight: 400;\"><span style=\"font-size: 14px; font-weight: 600;\">Bilder:<\/span>&nbsp;Gemeinschaftspraxis Rintheim \/ shutterstock<\/p><p style=\"font-variant-ligatures: normal; font-variant-caps: normal; font-family: &quot;Open Sans&quot;, sans-serif; font-size: 14px; font-style: normal; font-weight: 400;\"><span style=\"font-size: 14px; font-weight: 600;\">Nutzung dieses Internetauftritts\/ Copyright\/ Haftungsausschluss:<\/span><br>S\u00e4mtliche auf unseren Seiten genannten Warenzeichen sind Eigentum ihrer Inhaber, auch ohne<br>deren ausdr\u00fcckliche Kennzeichnung. Schreibfehler und Irrt\u00fcmer sowie \u00c4nderung ohne vorherige<br>Anzeige vorbehalten.<br>Nachdruck, Kopie und andere Nutzung usw. unserer Seiten und deren Inhalt nur mit unserer<br>ausdr\u00fccklichen Genehmigung.<br>F\u00fcr Vollst\u00e4ndigkeit, Fehler redaktioneller und technischer Art, Auslassungen usw., sowie die<br>Richtigkeit der Eintragungen, kann keine Haftung \u00fcbernommen werden.<br>Insbesondere kann keine Gew\u00e4hr f\u00fcr die Vollst\u00e4ndigkeit und Richtigkeit von Informationen<br>\u00fcbernommen werden, die \u00fcber weiterf\u00fchrende Links erreicht werden.<br>Anbieter sind f\u00fcr die eigenen Inhalte, die sie zur Nutzung bereithalten, nach den allgemeinen<br>Gesetzen verantwortlich. Von diesen eigenen Inhalten sind Querverweise auf die von anderen<br>Anbietern bereitgehaltenen Inhalte zu unterscheiden.<br>Die Verweise durch Hyperlinks auf Inhalte fremder Webseiten dienen lediglich der Information.<br>Die Verantwortlichkeit f\u00fcr diese fremden Inhalte liegt allein bei dem Anbieter, der die Inhalte<br>bereith\u00e4lt. Vor dem Einrichten des entsprechenden Verweises sind die Web-Seiten der anderen<br>Anbieter mit gro\u00dfer Sorgfalt und nach bestem Wissen und Gewissen \u00fcberpr\u00fcft worden. Es kann<br>jedoch keine Gew\u00e4hr f\u00fcr die Vollst\u00e4ndigkeit und Richtigkeit von Informationen \u00fcbernommen<br>werden, die \u00fcber weiterf\u00fchrende Hyperlinks erreicht werden. Der Inhalt der anderen Web-Seiten<br>kann jederzeit ohne Wissen der Praxis und Kollegen ge\u00e4ndert werden.<br>F\u00fcr s\u00e4mtliche Links auf Seiten mit fremden Inhalten gilt: Wir betonen, dass wir keinen Einfluss auf die<br>Gestaltung und die Inhalte der durch Links von unserer Homepage aus erreichbaren Seiten anderer<br>Anbieter haben und wir uns deren Inhalt nicht zu eigen machen. Diese Erkl\u00e4rung gilt f\u00fcr alle Seiten<br>dieser Homepage und die dort angebrachten Links auf fremde Inhalte.<br>Falls dieser Internetauftritt auf Seiten verweist, deren Inhalt Anlass zur Beanstandung gibt, bitten wir<br>Sie um eine Mitteilung (siehe \u201cKontakt\u201d im Men\u00fcpunkt oder per E-Mail).<br>Die Praxis beh\u00e4lt sich das Recht vor, ohne vorherige Ank\u00fcndigung die bereitgestellten Informationen<br>zu \u00e4ndern, zu erg\u00e4nzen oder zu entfernen.<br>Alle auf dieser Website vorliegenden Informationen wurden nach besten Wissen und Gewissen<br>zusammengestellt. Trotzdem sind Fehler\/ \u00c4nderungen etc. nicht ausgeschlossen. Bei Fragen oder<br>Unklarheiten sprechen Sie uns bitte jederzeit an.<br>Die hier dargestellten medizinischen Informationen erheben keinen Anspruch auf Vollst\u00e4ndigkeit und<br>ersetzen niemals die pers\u00f6nliche Untersuchung, Beratung und Behandlung durch eine \u00c4rztin oder<br>einen Arzt Ihrer Wahl.<\/p><p style=\"font-variant-ligatures: normal; font-variant-caps: normal; font-family: &quot;Open Sans&quot;, sans-serif; font-size: 14px; font-style: normal; font-weight: 400;\"><span style=\"font-size: 14px; font-weight: 600;\">Datenschutz:<\/span><br>Sofern innerhalb dieses Internetangebotes die M\u00f6glichkeit zur Eingabe pers\u00f6nlicher Daten (Name,<br>Telefonnummer oder E-Mail-Adresse) besteht, so erfolgt die Preisgabe dieser Daten seitens des<br>Nutzers auf ausdr\u00fccklich freiwilliger Basis. Diese Daten werden ausschlie\u00dflich durch unser<br>Praxispersonal zur verbesserten Patientenvorsorge und -betreuung verwendet.<br>Zum Schutz Ihrer pers\u00f6nlichen Daten halten wir uns strikt an die Bestimmungen des<br>Datenschutzgesetzes. In keinem Fall werden die erhobenen Daten verkauft oder aus anderen<br>Gr\u00fcnden an Dritte weitergegeben. Bitte beachten Sie auch die Rubrik \u201eDatenschutz\u201c auf dieser Webseite.<\/p>\t\t\t\t\t\t<\/div>\n\t\t\t\t<\/div>\n\t\t\t\t\t<\/div>\n\t\t<\/div>\n\t\t\t\t\t\t\t<\/div>\n\t\t<\/section>\n\t\t\t\t<section class=\"elementor-section elementor-top-section elementor-element elementor-element-f1d1afb elementor-section-boxed elementor-section-height-default elementor-section-height-default\" data-id=\"f1d1afb\" data-element_type=\"section\">\n\t\t\t\t\t\t<div class=\"elementor-container elementor-column-gap-default\">\n\t\t\t\t\t<div class=\"elementor-column elementor-col-25 elementor-top-column elementor-element elementor-element-b6846ab\" data-id=\"b6846ab\" data-element_type=\"column\">\n\t\t\t<div class=\"elementor-widget-wrap elementor-element-populated\">\n\t\t\t\t\t\t\t\t<div class=\"elementor-element elementor-element-0017327 elementor-widget elementor-widget-button\" data-id=\"0017327\" data-element_type=\"widget\" data-widget_type=\"button.default\">\n\t\t\t\t<div class=\"elementor-widget-container\">\n\t\t\t\t\t<div class=\"elementor-button-wrapper\">\n\t\t\t<a href=\"https:\/\/www.betriebsmedizinkarlsruhe.de\/\" class=\"elementor-button-link elementor-button elementor-size-xs\" role=\"button\">\n\t\t\t\t\t\t<span class=\"elementor-button-content-wrapper\">\n\t\t\t\t\t\t<span class=\"elementor-button-text\">Zur\u00fcck zur Startseite<\/span>\n\t\t<\/span>\n\t\t\t\t\t<\/a>\n\t\t<\/div>\n\t\t\t\t<\/div>\n\t\t\t\t<\/div>\n\t\t\t\t\t<\/div>\n\t\t<\/div>\n\t\t\t\t<div class=\"elementor-column elementor-col-25 elementor-top-column elementor-element elementor-element-1cf1735\" data-id=\"1cf1735\" data-element_type=\"column\">\n\t\t\t<div class=\"elementor-widget-wrap\">\n\t\t\t\t\t\t\t\t\t<\/div>\n\t\t<\/div>\n\t\t\t\t<div class=\"elementor-column elementor-col-25 elementor-top-column elementor-element elementor-element-a59b019\" data-id=\"a59b019\" data-element_type=\"column\">\n\t\t\t<div class=\"elementor-widget-wrap\">\n\t\t\t\t\t\t\t\t\t<\/div>\n\t\t<\/div>\n\t\t\t\t<div class=\"elementor-column elementor-col-25 elementor-top-column elementor-element elementor-element-470f031\" data-id=\"470f031\" data-element_type=\"column\">\n\t\t\t<div class=\"elementor-widget-wrap\">\n\t\t\t\t\t\t\t\t\t<\/div>\n\t\t<\/div>\n\t\t\t\t\t\t\t<\/div>\n\t\t<\/section>\n\t\t\t\t<section class=\"elementor-section elementor-top-section elementor-element elementor-element-c88f1fb elementor-section-boxed elementor-section-height-default elementor-section-height-default\" data-id=\"c88f1fb\" data-element_type=\"section\">\n\t\t\t\t\t\t<div class=\"elementor-container elementor-column-gap-default\">\n\t\t\t\t\t<div class=\"elementor-column elementor-col-100 elementor-top-column elementor-element elementor-element-2a2d99e\" data-id=\"2a2d99e\" data-element_type=\"column\">\n\t\t\t<div class=\"elementor-widget-wrap elementor-element-populated\">\n\t\t\t\t\t\t\t\t<div class=\"elementor-element elementor-element-ee30a21 elementor-widget elementor-widget-spacer\" data-id=\"ee30a21\" data-element_type=\"widget\" data-widget_type=\"spacer.default\">\n\t\t\t\t<div class=\"elementor-widget-container\">\n\t\t\t\t\t<div class=\"elementor-spacer\">\n\t\t\t<div class=\"elementor-spacer-inner\"><\/div>\n\t\t<\/div>\n\t\t\t\t<\/div>\n\t\t\t\t<\/div>\n\t\t\t\t\t<\/div>\n\t\t<\/div>\n\t\t\t\t\t\t\t<\/div>\n\t\t<\/section>\n\t\t\t\t\t\t\t<\/div>\n\t\t","protected":false},"excerpt":{"rendered":"<p>Zur\u00fcck zur Startseite Impressum Angaben gem\u00e4\u00df \u00a7 5 TMG: Name der Gemeinschaftspraxis: MedizInKarlsruhe.de&nbsp;&nbsp;\u2013 \u00dcber\u00f6rtliche Berufsaus\u00fcbungsgemeinschaft f\u00fcr Allgemeine und Innere MedizinInhaber: Falk Dillmann, Dr. med. Dieter Geiger, Dr. med. Hermann Goebel, Christian Hauf M.Sc. Gesellschaftsform:&nbsp;GbR Hauptbetriebsst\u00e4tte: Praxis RintheimMannheimerstr. 12, 76131 KarlsruheTel. 0721 \/ 96 13 113 Nebenbetriebsst\u00e4tte: Praxis OststadtHaid-und-Neu-Str. 32, 76131 KarlsruheTel. 0721 \/ 69 73 [&hellip;]<\/p>\n","protected":false},"author":5,"featured_media":0,"parent":0,"menu_order":0,"comment_status":"closed","ping_status":"closed","template":"","meta":{"footnotes":""},"class_list":["post-87","page","type-page","status-publish","hentry","entry"],"_links":{"self":[{"href":"https:\/\/www.betriebsmedizinkarlsruhe.de\/index.php?rest_route=\/wp\/v2\/pages\/87","targetHints":{"allow":["GET"]}}],"collection":[{"href":"https:\/\/www.betriebsmedizinkarlsruhe.de\/index.php?rest_route=\/wp\/v2\/pages"}],"about":[{"href":"https:\/\/www.betriebsmedizinkarlsruhe.de\/index.php?rest_route=\/wp\/v2\/types\/page"}],"author":[{"embeddable":true,"href":"https:\/\/www.betriebsmedizinkarlsruhe.de\/index.php?rest_route=\/wp\/v2\/users\/5"}],"replies":[{"embeddable":true,"href":"https:\/\/www.betriebsmedizinkarlsruhe.de\/index.php?rest_route=%2Fwp%2Fv2%2Fcomments&post=87"}],"version-history":[{"count":13,"href":"https:\/\/www.betriebsmedizinkarlsruhe.de\/index.php?rest_route=\/wp\/v2\/pages\/87\/revisions"}],"predecessor-version":[{"id":453,"href":"https:\/\/www.betriebsmedizinkarlsruhe.de\/index.php?rest_route=\/wp\/v2\/pages\/87\/revisions\/453"}],"wp:attachment":[{"href":"https:\/\/www.betriebsmedizinkarlsruhe.de\/index.php?rest_route=%2Fwp%2Fv2%2Fmedia&parent=87"}],"curies":[{"name":"wp","href":"https:\/\/api.w.org\/{rel}","templated":true}]}}